5)/(-27)?
13
Suppose 2*r = 5*k + 67, -k = -5*r + 3*r + 55. What are the prime factors of r?
2, 13
List the prime factors of 3/(-12) + (-516)/(-16).
2
Let q(y) = 2*y**2 - 2*y - 2. Let r be 12/(-10)*(-25)/10. Let x be q(r). List the prime factors of 2 + 1 - x/(-2).
2
Let j = 82 - 97. Let p be -5 - (1 + -2 + 0). Let k = p - j. What are the prime factors of k?
11
Let a(d) = -5*d**2 - 2*d + 1. Let l(c) = c**2 - 1. Let q(f) = -a(f) - 4*l(f). Let w be q(-3). List the prime factors of w - 1*(0 - 1).
7
Let o = -54 + 169. What are the prime factors of o?
5, 23
Let q = -1 + 3. Let b be (-1 - (-5 - q)) + 0. Let s = 11 - b. List the prime factors of s.
5
Let z(y) = y**2 - 3*y + 1. Let r be z(4). Suppose -k = 4*n - 50, r*n - 4*n = k + 10. What are the prime factors of n?
2, 3
Let i = -8 + 10. Suppose -39 = -5*c - 4*p, -i*c + 4*c - 6 = -4*p. List the prime factors of c.
11
Suppose 0 = 2*y - 4*y + 98. List the prime factors of y.
7
Let h(v) = -3*v - 3. Let d be h(-5). Suppose 2 = -5*k + d. Suppose 5*m + 35 = 2*c, -c - 2*c + 25 = -k*m. List the prime factors of c.
5
Let y(i) = i + 13. Let n be y(0). Suppose 3*l = n + 2. Suppose -7 - 8 = -l*o. List the prime factors of o.
3
Suppose -25 = -5*y - 0*y, -4*y + 44 = -4*i. List the prime factors of (-3)/(i/76 + 0).
2, 19
Suppose 26 = 4*m + r - 30, -2*m + 4*r + 10 = 0. List the prime factors of m.
13
Let x be (2/3)/(2/6). Let a = x + 0. Suppose 3 = a*m - 5. What are the prime factors of m?
2
Suppose -5*m = -10*m + 100. What are the prime factors of m?
2, 5
Suppose 0 = 2*j - 82 + 12. What are the prime factors of j?
5, 7
Suppose 56 + 0 = 4*f. Let h = 21 - f. Suppose 5*j = 22 - h. List the prime factors of j.
3
Let r(x) = -x + 26. What are the prime factors of r(14)?
2, 3
Let x(p) = -9*p - 4. Let f be x(-3). Suppose 2*t - 5*a = -7, -3*a = -8*a - 25. Let u = t + f. List the prime factors of u.
7
Suppose -45 = 27*d - 32*d. What are the prime factors of d?
3
Suppose 0 = 6*w - 3*w - 6, 3*w = -2*z - 38. Suppose -4*m = -5*p + 117, 3*m - p = -2*m - 162. Let o = z - m. List the prime factors of o.
11
Let i be 116/14 + 12/(-42). Suppose -3*j - i = 2*c, 6*c - 3*j - 18 = 3*c. Suppose 0 = -c*a + 12 + 12. What are the prime factors of a?
2, 3
Let v(k) = -k**3 + 4*k**2 + 8*k - 6. Suppose -3*u + 25 = -2*t - 0, 0 = -u + 3*t + 20. What are the prime factors of v(u)?
3
Suppose 0 = 3*o + 5*x - 25, 3 = -o - 5*x + 8. Suppose -21 = 3*n + 5*u, 4*u - u = -5*n - 35. Let f = n + o. What are the prime factors of f?
3
Suppose 5 = h, i = 3*i + 2*h - 216. List the prime factors of i.
103
Let z(p) = 3*p**2 - 3*p + 1. List the prime factors of z(3).
19
Suppose 49 = -2*x + 9. Let g be (-1)/(-2)*(0 + x). List the prime factors of (-20)/6*24/g.
2
Let s be ((-16)/10)/(1/(-5)). Let n(d) = -d**3 + 7*d**2 + 11*d - 6. List the prime factors of n(s).
2, 3
Suppose 0 = z - 2*f + 7 + 5, 0 = -5*z + 2*f - 28. Suppose -10 = 5*o - 4*l, 7*o = 3*o + l - 8. Let h = o - z. What are the prime factors of h?
2
Let q = 0 + 2. Suppose 3*m = v, -m = -q*v + 4*m. Suppose 3*d + 4 = 4*j, -2*j = -v*d - 4*d + 8. List the prime factors of d.
2
Let y(v) = v**3 - 7*v**2 + 7*v + 3. Let k = -3 - -9. What are the prime factors of y(k)?
3
Let o = 6 - 7. Let g(c) = 1 + c - 18*c - 2. List the prime factors of g(o).
2
Suppose -3*s + 6 = -2*d, 3*d = -s - 4*s + 10. Suppose -13 = -s*f + 9. List the prime factors of f.
11
Let h be (-2)/(-3) - 100/(-12). Let d = 3 + h. What are the prime factors of (d/9)/(3/27)?
2, 3
Let j = 14 + -10. What are the prime factors of j?
2
Let q(x) = -x**3 + 6*x**2 + 2*x - 1. Let n(w) = -w**2 + 10*w - 4. Let y be n(9). What are the prime factors of q(y)?
2, 17
Let h be (-2)/(-5) + 28/5. Suppose 0 = h*s - 4*s - 28. Suppose 5*j - s - 16 = 0. What are the prime factors of j?
2, 3
Let z(t) = -2*t - 3. Let i be z(-3). Suppose 6*f - 5*f = i. Suppose f*k + 3*m - 36 = -0*k, -m + 51 = 4*k. List the prime factors of k.
13
Let r be (-4)/18 + 749/9. What are the prime factors of 21/(-35) - r/(-5)?
2
Let l(a) = a + 8. Let t be l(-8). Suppose 4*v + 3*q - 10 - 30 = t, 0 = -3*v + 3*q + 9. What are the prime factors of v?
7
Let p(g) = -3*g**3 - 3*g**2 + 2*g - 1. Let c be p(-2). Suppose -2*r + 9 = -c. List the prime factors of r.
2
Let s(t) = t**2 - 5*t - 11. Suppose 2*n - 160 = h, -3*n + 5 + 7 = 0. Let r be h/(-20) - 4/(-10). List the prime factors of s(r).
13
Let j = 386 + -218. What are the prime factors of j?
2, 3, 7
Let z(n) = 0 + 9*n - 3*n + n**2 + 1 + 0. What are the prime factors of z(-7)?
2
Let f = -30 - -45. Suppose -q + 15 = -6*q - 5*r, -r - 3 = 4*q. Suppose 3*v - f = -q. What are the prime factors of v?
5
Let d(p) = 5*p**2 + 1. Let y(u) be the second derivative of -u**3/6 - 5*u**2/2 - u. Let b be y(-4). List the prime factors of d(b).
2, 3
Suppose -4*f + 2*m = -74, -5*f - 2*m = -2*f - 73. What are the prime factors of f?
3, 7
Let a = -5 - -7. Suppose 4*r = a*x - 20, -5*x + 29 + 3 = -4*r. Suppose 3*z - 3*s = 2*s + 22, 8 = 4*z + x*s. List the prime factors of z.
2
List the prime factors of (6/(-8) + 2)/(9/468).
5, 13
Suppose 0 = 3*x - 4*f - 24, -3*x - f = -0 - 9. What are the prime factors of -1*(-1 + -1) + x?
2, 3
Let g(w) be the first derivative of -w**2/2 - 2*w + 1. Let z be g(-7). Let a = z + 0. List the prime factors of a.
5
Suppose -4 = -2*j + 4. What are the prime factors of j?
2
Suppose -3*g + 129 = -4*x, 3*g - 2*x - 135 = -0*x. Let y = g - 29. List the prime factors of y.
2, 3
Let l(t) = 4*t**3 - 2*t. Let w be l(2). Suppose 8 = -5*r + w. List the prime factors of r.
2
Suppose -z - 3*j = -14, -5*z + z + 3*j + 131 = 0. List the prime factors of z.
29
Let l be 1 - (-2 - -1 - 1). Let u(s) = -s**3 - 6*s**2 + 2*s + 14. Let z be u(-6). Suppose 10 = z*j + l*j. What are the prime factors of j?
2
Suppose -194 = -5*j + 4*q, 4*j + q - 37 = 3*j. What are the prime factors of j?
2, 19
Suppose -5*w - 42 = 2*y, y - w = -2*w - 15. List the prime factors of (-2)/(2/y*1).
11
Let m be ((-2)/4)/(1/(-10)). Suppose m*b - 37 = -n - 9, -3*b = -9. List the prime factors of n.
13
What are the prime factors of (-3915)/54*(-24)/10?
2, 3, 29
Let r(l) = -l**2 - l - 1 + 0*l**2 + 3. Let t be r(-2). Suppose -2 = -a - t*a. What are the prime factors of a?
2
Let b(h) = 6*h + 27. List the prime factors of b(5).
3, 19
Let y(r) = r**3 - 10*r**2 + 4*r - 9. Let g be y(10). Suppose 5*p + g - 76 = -3*s, 5*s = -4*p + 62. List the prime factors of s.
2, 5
Let o(y) = -y**3 + 4*y**2 - 3*y - 4. Let n be (4/(-5))/(3/(-15)). Let a be o(n). List the prime factors of (-4)/(-10) + a/(-10).
2
Let z(x) be the first derivative of -x**2/2 - x - 3. Let p be z(-5). Suppose 0 = 3*t - u + 1 - 5, -4*t = -p*u. List the prime factors of t.
2
Let w(d) = -65*d**3 + 13*d**2 + 11*d - 15. Let v(u) = 32*u**3 - 6*u**2 - 5*u + 7. Let n(x) = -13*v(x) - 6*w(x). List the prime factors of n(-1).
2, 13
Let a(o) = 0*o**2 + 6*o**2 - o**3 + 5*o + 3*o - 1. What are the prime factors of a(7)?
2, 3
Let x = 132 + -69. What are the prime factors of x?
3, 7
Suppose f - 6*f + 15 = 0. Suppose -f = -2*t + 1. Suppose k = -4*c + 8, -c - t*c = k - 7. List the prime factors of k.
2
Let p(x) = -x**3 + 3*x**2 + 3*x + 2. Let n be p(4). Let w = n + -4. Let c = w + 8. What are the prime factors of c?
2
Let g(q) = 1 + 3*q + 0*q - 2*q. What are the prime factors of g(2)?
3
What are the prime factors of (-1)/(-5) - (-139)/5?
2, 7
Let j(g) = -30*g - 3. What are the prime factors of j(-2)?
3, 19
Suppose 0 = 4*q - 9 + 5. What are the prime factors of (9 - 18)*q/(-1)?
3
Let g(x) = x**3 + 7*x**2 - 9*x + 8. Suppose h + 3*h + 32 = 0. List the prime factors of g(h).
2
Let z(o) = -6*o - 3. Let y be (-6)/21 - (-12)/(-7). What are the prime factors of z(y)?
3
Let m(j) = -6*j - 25. What are the prime factors of m(-11)?
41
Suppose 0 = -6*k + 2*k. Suppose -4*q - q + 110 = k. List the prime factors of q.
2, 11
Let g = -2 + 5. Let f(a) = 3*a + 3*a + 11 - 2*a - g*a. List the prime factors of f(0).
11
Let s(y) = -y**2 + 14*y - 10. Let q be 6/(-15) - (-124)/10. What are the prime factors of s(q)?
2, 7
Let y(g) = g**3 - g**2 + 9. Let m be y(0). Suppose 3*s = m + 12. List the prime factors of s.
7
Let w(k) = k**3 + 6*k**2 - k - 3. Let a be w(-6). Suppose -3*s = -a - 3. List the prime factors of (-3)/s - (-34)/4.
7
Let l be (2/(-6) - -2)*-3. List the prime factors of l*((-8)/10 - 2)